{"id":921,"date":"2021-12-28T13:44:11","date_gmt":"2021-12-28T13:44:11","guid":{"rendered":"http:\/\/34.88.79.200\/?post_type=product&#038;p=921"},"modified":"2024-11-02T18:27:09","modified_gmt":"2024-11-02T18:27:09","slug":"uniikki-kuvakudos-toivo","status":"publish","type":"product","link":"https:\/\/sarikettunenart.com\/?product=uniikki-kuvakudos-toivo","title":{"rendered":"Uniikki kuvakudos: Toivo"},"content":{"rendered":"<p>Toivo on kuin talvip\u00e4iv\u00e4n seisauksen j\u00e4lkeinen p\u00e4iv\u00e4, joka on jo kukonaskeleen verran pidempi eilist\u00e4. Maailma on viel\u00e4 valkoinen ja sininen, mutta toivon s\u00e4de leikkaa jo mielenmaisemaa.<\/p>\n","protected":false},"excerpt":{"rendered":"<p><strong>Teoksen nimi:<\/strong> Toivo<\/p>\n<p><strong>Valmistumisvuosi:<\/strong> 2017<\/p>\n<p><strong>Koko:<\/strong> 55 cm x 49 cm<\/p>\n<p><strong>Materiaali:<\/strong>\u00a0Sekalaiset langat<\/p>\n<p><strong>Tekniikka:\u00a0<\/strong>Kuvakudos<\/p>\n<p><strong>Ripustus:<\/strong>\u00a0Teos on pingotettu kiilapuiseen kehykseen ja ripustetaan tavallisen taulun tapaan.<\/p>\n<p>Teos on myynniss\u00e4 Lahden taidelainaamolla.\u00a0<a href=\"https:\/\/www.lahdentaidelainaamo.fi\/tuote\/sari-kettunen-toivo-50e-kk\/\" target=\"_blank\" rel=\"noopener\"><strong>K<\/strong><\/a><a href=\"https:\/\/lahden-taiteilijaseura.gruppo.fi\/taidelainaamo\/public\/go.php?action=work&amp;work_id=138357\"><strong>likkaa itsesi taidelainaamon sivulle t\u00e4st\u00e4<\/strong>.<\/a><\/p>\n","protected":false},"featured_media":922,"comment_status":"open","ping_status":"closed","template":"","meta":{"_kadence_starter_templates_imported_post":false,"_kad_post_transparent":"default","_kad_post_title":"","_kad_post_layout":"default","_kad_post_sidebar_id":"","_kad_post_content_style":"default","_kad_post_vertical_padding":"default","_kad_post_feature":"","_kad_post_feature_position":"","_kad_post_header":false,"_kad_post_footer":false,"_kad_post_classname":""},"product_brand":[],"product_cat":[489],"product_tag":[],"class_list":{"0":"post-921","1":"product","2":"type-product","3":"status-publish","4":"has-post-thumbnail","6":"product_cat-uniikit-fi","8":"first","9":"outofstock","10":"sold-individually","11":"taxable","12":"shipping-taxable","13":"product-type-simple","14":"entry","15":"content-bg","16":"loop-entry"},"_links":{"self":[{"href":"https:\/\/sarikettunenart.com\/index.php?rest_route=\/wp\/v2\/product\/921","targetHints":{"allow":["GET"]}}],"collection":[{"href":"https:\/\/sarikettunenart.com\/index.php?rest_route=\/wp\/v2\/product"}],"about":[{"href":"https:\/\/sarikettunenart.com\/index.php?rest_route=\/wp\/v2\/types\/product"}],"replies":[{"embeddable":true,"href":"https:\/\/sarikettunenart.com\/index.php?rest_route=%2Fwp%2Fv2%2Fcomments&post=921"}],"wp:featuredmedia":[{"embeddable":true,"href":"https:\/\/sarikettunenart.com\/index.php?rest_route=\/wp\/v2\/media\/922"}],"wp:attachment":[{"href":"https:\/\/sarikettunenart.com\/index.php?rest_route=%2Fwp%2Fv2%2Fmedia&parent=921"}],"wp:term":[{"taxonomy":"product_brand","embeddable":true,"href":"https:\/\/sarikettunenart.com\/index.php?rest_route=%2Fwp%2Fv2%2Fproduct_brand&post=921"},{"taxonomy":"product_cat","embeddable":true,"href":"https:\/\/sarikettunenart.com\/index.php?rest_route=%2Fwp%2Fv2%2Fproduct_cat&post=921"},{"taxonomy":"product_tag","embeddable":true,"href":"https:\/\/sarikettunenart.com\/index.php?rest_route=%2Fwp%2Fv2%2Fproduct_tag&post=921"}],"curies":[{"name":"wp","href":"https:\/\/api.w.org\/{rel}","templated":true}]}}