{"id":515,"date":"2023-01-10T17:06:50","date_gmt":"2023-01-10T17:06:50","guid":{"rendered":"https:\/\/sarikettunenart.org\/?post_type=product&#038;p=515"},"modified":"2024-09-18T06:57:40","modified_gmt":"2024-09-18T06:57:40","slug":"elaman-eritasoliittyma","status":"publish","type":"product","link":"https:\/\/sarikettunenart.com\/?product=elaman-eritasoliittyma","title":{"rendered":"Uniikki tekstiilitaideteos: El\u00e4m\u00e4n eritasoliittym\u00e4"},"content":{"rendered":"<p><strong>Kangaspuilla kudottu, k\u00e4sin kirjottu ja akryyliv\u00e4rein maalattu El\u00e4m\u00e4n eritasoliittym\u00e4 -niminen taideteos on kooltaan 60 x 60 x 3 cm. Materiaaleina on k\u00e4ytetty villaa, silkki\u00e4 ja akryylimaaleja. Teos on valmistunut vuonna 2020.<\/strong><\/p>\n<p class=\"has-small-font-size\">El\u00e4m\u00e4n eritasoliittym\u00e4 on kerroksellinen teos. Aivan kuin el\u00e4m\u00e4 itse, se on erilaisten historiallisten ja nykyp\u00e4iv\u00e4isten teknologioiden, materiaalien ja ideoiden sulatusuuni.<\/p>\n<p class=\"has-small-font-size\">Teoksen pinnalle on kuvattu kaikki oleellinen maailmassa, kasvikunta el\u00e4m\u00e4npuun muodossa, ihmiskunta jumalattarien muodossa ja el\u00e4inkunta lintujen muodossa. My\u00f6s musta joutsen p\u00e4\u00e4si teokseen mukaan, pandemian yll\u00e4tetty\u00e4 ihmiskunnan juuri teoksen valmistamisen aikoihin.<\/p>\n<p class=\"has-small-font-size\">Nykyaikaa teoksessa edustaa akryylimaalilla toteutettu eritasoliittym\u00e4. Se halkoo teoksen aivan kuin moottoritie halkoo maisemaa. Eritasoliittym\u00e4 muodostaa ikuisuuden symbolin. Liikenteen virta ei koskaan lakkaa, oli sitten kyse ihmisten, rahan tai tiedon virtaamisesta.<\/p>\n","protected":false},"excerpt":{"rendered":"<p><strong>Teoksen nimi:<\/strong> El\u00e4m\u00e4n eritasoliittym\u00e4<\/p>\n<p><strong>Valmistumisvuosi:<\/strong> 2020<\/p>\n<p><strong>Koko:<\/strong> 60 cm x 60 cm x 3 cm<\/p>\n<p><strong>Materiaali:<\/strong> Villa, silkki, akryylimaali<\/p>\n<p><strong>Tekniikka:<\/strong> kankaankudonta, kirjonta, akryyliv\u00e4rimaalaus<\/p>\n<p><strong>Ripustus:<\/strong> Teos on pingotettu py\u00f6re\u00e4lle puupuristekehykselle. Ripustetaan tavallisen taulun tapaan.<\/p>\n","protected":false},"featured_media":1570,"comment_status":"open","ping_status":"closed","template":"","meta":{"_kadence_starter_templates_imported_post":false,"_kad_post_transparent":"default","_kad_post_title":"","_kad_post_layout":"default","_kad_post_sidebar_id":"","_kad_post_content_style":"default","_kad_post_vertical_padding":"default","_kad_post_feature":"","_kad_post_feature_position":"","_kad_post_header":false,"_kad_post_footer":false,"_kad_post_classname":""},"product_brand":[],"product_cat":[489],"product_tag":[142],"class_list":{"0":"post-515","1":"product","2":"type-product","3":"status-publish","4":"has-post-thumbnail","6":"product_cat-uniikit-fi","7":"product_tag-round-fi","9":"first","10":"instock","11":"sold-individually","12":"taxable","13":"shipping-taxable","14":"purchasable","15":"product-type-simple","16":"entry","17":"content-bg","18":"loop-entry"},"_links":{"self":[{"href":"https:\/\/sarikettunenart.com\/index.php?rest_route=\/wp\/v2\/product\/515","targetHints":{"allow":["GET"]}}],"collection":[{"href":"https:\/\/sarikettunenart.com\/index.php?rest_route=\/wp\/v2\/product"}],"about":[{"href":"https:\/\/sarikettunenart.com\/index.php?rest_route=\/wp\/v2\/types\/product"}],"replies":[{"embeddable":true,"href":"https:\/\/sarikettunenart.com\/index.php?rest_route=%2Fwp%2Fv2%2Fcomments&post=515"}],"wp:featuredmedia":[{"embeddable":true,"href":"https:\/\/sarikettunenart.com\/index.php?rest_route=\/wp\/v2\/media\/1570"}],"wp:attachment":[{"href":"https:\/\/sarikettunenart.com\/index.php?rest_route=%2Fwp%2Fv2%2Fmedia&parent=515"}],"wp:term":[{"taxonomy":"product_brand","embeddable":true,"href":"https:\/\/sarikettunenart.com\/index.php?rest_route=%2Fwp%2Fv2%2Fproduct_brand&post=515"},{"taxonomy":"product_cat","embeddable":true,"href":"https:\/\/sarikettunenart.com\/index.php?rest_route=%2Fwp%2Fv2%2Fproduct_cat&post=515"},{"taxonomy":"product_tag","embeddable":true,"href":"https:\/\/sarikettunenart.com\/index.php?rest_route=%2Fwp%2Fv2%2Fproduct_tag&post=515"}],"curies":[{"name":"wp","href":"https:\/\/api.w.org\/{rel}","templated":true}]}}