{"id":1663,"date":"2023-05-27T08:16:33","date_gmt":"2023-05-27T08:16:33","guid":{"rendered":"http:\/\/34.88.79.200\/?post_type=product&#038;p=1663"},"modified":"2025-01-20T09:25:58","modified_gmt":"2025-01-20T09:25:58","slug":"ilta-kalliojarven-rannalla","status":"publish","type":"product","link":"https:\/\/sarikettunenart.com\/?product=ilta-kalliojarven-rannalla","title":{"rendered":"Taide + Akustiikka: Ilta Kallioj\u00e4rven rannalla"},"content":{"rendered":"<p><strong>Ilta Kallioj\u00e4rven rannalla<\/strong> vie sinut upealle matkalle luonnon kauneuteen. Nelj\u00e4n teoksen muodostama kokonaisuus kuvaa mystist\u00e4 tunnelmaa er\u00e4maaj\u00e4rven rannalla.<\/p>\n<p>Teokset on valmistettu k\u00e4sin kutoen k\u00e4ytt\u00e4en luonnonv\u00e4reill\u00e4 v\u00e4rj\u00e4ttyj\u00e4 suomalaisia lampaanvilloja ja GOTS-sertifioitua luomupuuvillaa. Jokainen teos on t\u00e4ysin muoviton ja valmistettu ymp\u00e4rist\u00f6yst\u00e4v\u00e4llisesti ja eettisesti. Teokset tuovat tilaan edustavuutta sek\u00e4 viihtyisyytt\u00e4 ja niihin integroitu akustiikkaelementti parantaa my\u00f6s tilan akustiikkaa. Testauksessa ne ovat saaneet absorptioluokan B <span style=\"font-family: CIDFont+F1;\"><span style=\"font-size: small;\">(ISO 354:2003, EN ISO 11654:1997).<\/span><\/span><\/p>\n<p>Ilta Kallioj\u00e4rven rannalla -teoskokonaisuus on ainutlaatuinen tapa lis\u00e4t\u00e4 tilasi tunnelmaa ja tilan k\u00e4ytt\u00e4jien hyvinvointia. Tilaa nyt kotiisi tai toimitilaasi t\u00e4m\u00e4 upea taideteos, joka saa sinulle t\u00e4rke\u00e4t ihmiset viihtym\u00e4\u00e4n!<\/p>\n","protected":false},"excerpt":{"rendered":"<p><strong>Teoksen nimi:<\/strong> Ilta Kallioj\u00e4rven rannalla<\/p>\n<p><strong>Julkaisuvuosi:<\/strong> 2022<\/p>\n<p><strong>Koko:<\/strong> 110 cm x 188 cm x 5 cm<\/p>\n<p><strong>Materiaali:<\/strong> Luonnonv\u00e4reill\u00e4 v\u00e4rj\u00e4tty suomalaisten lampaiden villa, GOTS-sertifioitu luomupuuvilla, pellava, puu.<\/p>\n<p><strong>Tekniikka:<\/strong> Kankaankudonta<\/p>\n<p><strong>Ripustus:<\/strong> Teoksia on nelj\u00e4 ja jokainen on pingotettu puiseen kiilakehykseen, jotka ripustetaan tavallisen taulun tapaan. Kunkin teoksen takana yl\u00e4osassa on kaksi metallista ripustuslenkki\u00e4.<\/p>\n<p><a href=\"https:\/\/www.taiko.art\/sari-kettunen\/qo4j1lnj4x\" target=\"_blank\" rel=\"noopener\">Teos on myynniss\u00e4 Taikossa. Klikkaa t\u00e4st\u00e4 Taikoon!<\/a><\/p>\n","protected":false},"featured_media":1680,"comment_status":"open","ping_status":"closed","template":"","meta":{"_kadence_starter_templates_imported_post":false,"_kad_post_transparent":"default","_kad_post_title":"","_kad_post_layout":"default","_kad_post_sidebar_id":"","_kad_post_content_style":"default","_kad_post_vertical_padding":"default","_kad_post_feature":"","_kad_post_feature_position":"","_kad_post_header":false,"_kad_post_footer":false,"_kad_post_classname":""},"product_brand":[],"product_cat":[575,481,173],"product_tag":[],"class_list":{"0":"post-1663","1":"product","2":"type-product","3":"status-publish","4":"has-post-thumbnail","6":"product_cat-kalliojarvi-sarja","7":"product_cat-taide-akustiikka-fi-fi","8":"product_cat-taideteokset","9":"product_shipping_class-uniikit-teokset","11":"first","12":"outofstock","13":"sold-individually","14":"taxable","15":"shipping-taxable","16":"product-type-simple","17":"entry","18":"content-bg","19":"loop-entry"},"_links":{"self":[{"href":"https:\/\/sarikettunenart.com\/index.php?rest_route=\/wp\/v2\/product\/1663","targetHints":{"allow":["GET"]}}],"collection":[{"href":"https:\/\/sarikettunenart.com\/index.php?rest_route=\/wp\/v2\/product"}],"about":[{"href":"https:\/\/sarikettunenart.com\/index.php?rest_route=\/wp\/v2\/types\/product"}],"replies":[{"embeddable":true,"href":"https:\/\/sarikettunenart.com\/index.php?rest_route=%2Fwp%2Fv2%2Fcomments&post=1663"}],"wp:featuredmedia":[{"embeddable":true,"href":"https:\/\/sarikettunenart.com\/index.php?rest_route=\/wp\/v2\/media\/1680"}],"wp:attachment":[{"href":"https:\/\/sarikettunenart.com\/index.php?rest_route=%2Fwp%2Fv2%2Fmedia&parent=1663"}],"wp:term":[{"taxonomy":"product_brand","embeddable":true,"href":"https:\/\/sarikettunenart.com\/index.php?rest_route=%2Fwp%2Fv2%2Fproduct_brand&post=1663"},{"taxonomy":"product_cat","embeddable":true,"href":"https:\/\/sarikettunenart.com\/index.php?rest_route=%2Fwp%2Fv2%2Fproduct_cat&post=1663"},{"taxonomy":"product_tag","embeddable":true,"href":"https:\/\/sarikettunenart.com\/index.php?rest_route=%2Fwp%2Fv2%2Fproduct_tag&post=1663"}],"curies":[{"name":"wp","href":"https:\/\/api.w.org\/{rel}","templated":true}]}}