{"id":1029,"date":"2022-04-01T11:48:58","date_gmt":"2022-04-01T11:48:58","guid":{"rendered":"http:\/\/34.88.79.200\/?post_type=product&#038;p=1029"},"modified":"2024-09-05T15:24:40","modified_gmt":"2024-09-05T15:24:40","slug":"pigmenttivedos-koti-ikava","status":"publish","type":"product","link":"https:\/\/sarikettunenart.com\/?product=pigmenttivedos-koti-ikava","title":{"rendered":"Pigmenttivedos: Koti-ik\u00e4v\u00e4"},"content":{"rendered":"<p><strong>Asuttuani vuosia maalla muutin kaupunkiin<\/strong> ja kev\u00e4isin kaipaan aina kurkien huutoja, jotka maalla asuessa toitottivat kev\u00e4\u00e4n alkaneeksi. Teos on syntynyt t\u00e4st\u00e4 kurkien kaipuusta. Alkuper\u00e4isteoksessa olen<br \/>\nyhdistellyt tilkkuty\u00f6tekniikkaa, vapaata konekirjontaa ja akryyliv\u00e4rimaalausta.<\/p>\n","protected":false},"excerpt":{"rendered":"<p><strong>Teoksen nimi:<\/strong> Koti-ik\u00e4v\u00e4<\/p>\n<p><strong>Sarjan koko:<\/strong> 20 kpl<\/p>\n<p><strong>Koko:<\/strong> Paperin koko A3, kuvan koko 18 cm x 39,1 cm<\/p>\n<p><strong>Materiaali:<\/strong> Hahnem\u00fcle happovapaa paperi<\/p>\n<p><strong>Tekniikka:<\/strong> Museolaatuinen mustesuihkutulostus pigmenttiv\u00e4rein<\/p>\n<p><strong>Ripustus:<\/strong> V\u00e4rien s\u00e4ilymisen varmistamiseksi ja teoksen suojelemiseksi p\u00f6lylt\u00e4 ja kosteudelta, se tulee kehyst\u00e4\u00e4 happovapailla materiaaleilla lasin alle. Kehystys ei sis\u00e4lly hintaan.<\/p>\n<p>T\u00e4m\u00e4 pigmenttivedos alkuper\u00e4isest\u00e4 taideteoksesta on tulostettu happovapaalle paperille museolaatuisilla v\u00e4reill\u00e4. Vedos on numeroitu ja signeerattu. Sarjan koko on 20 kpl. V\u00e4rien s\u00e4ilymisen varmistamiseksi ja teoksen suojelemiseksi p\u00f6lylt\u00e4 ja kosteudelta, se tulee kehyst\u00e4\u00e4 happovapailla materiaaleilla lasin alle.<\/p>\n","protected":false},"featured_media":1028,"comment_status":"open","ping_status":"closed","template":"","meta":{"_kadence_starter_templates_imported_post":false,"_kad_post_transparent":"default","_kad_post_title":"","_kad_post_layout":"default","_kad_post_sidebar_id":"","_kad_post_content_style":"default","_kad_post_vertical_padding":"default","_kad_post_feature":"","_kad_post_feature_position":"","_kad_post_header":false,"_kad_post_footer":false,"_kad_post_classname":""},"product_brand":[],"product_cat":[487,173],"product_tag":[],"class_list":{"0":"post-1029","1":"product","2":"type-product","3":"status-publish","4":"has-post-thumbnail","6":"product_cat-pigmenttivedokset-fi-fi","7":"product_cat-taideteokset","9":"first","10":"instock","11":"sold-individually","12":"taxable","13":"shipping-taxable","14":"purchasable","15":"product-type-simple","16":"entry","17":"content-bg","18":"loop-entry"},"_links":{"self":[{"href":"https:\/\/sarikettunenart.com\/index.php?rest_route=\/wp\/v2\/product\/1029","targetHints":{"allow":["GET"]}}],"collection":[{"href":"https:\/\/sarikettunenart.com\/index.php?rest_route=\/wp\/v2\/product"}],"about":[{"href":"https:\/\/sarikettunenart.com\/index.php?rest_route=\/wp\/v2\/types\/product"}],"replies":[{"embeddable":true,"href":"https:\/\/sarikettunenart.com\/index.php?rest_route=%2Fwp%2Fv2%2Fcomments&post=1029"}],"wp:featuredmedia":[{"embeddable":true,"href":"https:\/\/sarikettunenart.com\/index.php?rest_route=\/wp\/v2\/media\/1028"}],"wp:attachment":[{"href":"https:\/\/sarikettunenart.com\/index.php?rest_route=%2Fwp%2Fv2%2Fmedia&parent=1029"}],"wp:term":[{"taxonomy":"product_brand","embeddable":true,"href":"https:\/\/sarikettunenart.com\/index.php?rest_route=%2Fwp%2Fv2%2Fproduct_brand&post=1029"},{"taxonomy":"product_cat","embeddable":true,"href":"https:\/\/sarikettunenart.com\/index.php?rest_route=%2Fwp%2Fv2%2Fproduct_cat&post=1029"},{"taxonomy":"product_tag","embeddable":true,"href":"https:\/\/sarikettunenart.com\/index.php?rest_route=%2Fwp%2Fv2%2Fproduct_tag&post=1029"}],"curies":[{"name":"wp","href":"https:\/\/api.w.org\/{rel}","templated":true}]}}